{"id":124,"date":"2024-06-29T18:34:29","date_gmt":"2024-06-29T16:34:29","guid":{"rendered":"https:\/\/espritgenerationsport.fr\/?page_id=124"},"modified":"2026-01-13T09:09:59","modified_gmt":"2026-01-13T08:09:59","slug":"presentation","status":"publish","type":"page","link":"https:\/\/espritgenerationsport.fr\/index.php\/presentation\/","title":{"rendered":"Pr\u00e9sentation"},"content":{"rendered":"\t\t<div data-elementor-type=\"wp-page\" data-elementor-id=\"124\" class=\"elementor elementor-124\">\n\t\t\t\t<div class=\"elementor-element elementor-element-db52943 e-flex e-con-boxed wpr-particle-no wpr-jarallax-no wpr-parallax-no wpr-sticky-section-no wpr-equal-height-no e-con e-parent\" data-id=\"db52943\" data-element_type=\"container\" data-e-type=\"container\">\n\t\t\t\t\t<div class=\"e-con-inner\">\n\t\t\t\t<div class=\"elementor-element elementor-element-d28079d elementor-widget elementor-widget-heading\" data-id=\"d28079d\" data-element_type=\"widget\" data-e-type=\"widget\" data-widget_type=\"heading.default\">\n\t\t\t\t<div class=\"elementor-widget-container\">\n\t\t\t\t\t<h2 class=\"elementor-heading-title elementor-size-default\">Objectifs de l'association<\/h2>\t\t\t\t<\/div>\n\t\t\t\t<\/div>\n\t\t\t\t<div class=\"elementor-element elementor-element-737d31d elementor-widget elementor-widget-text-editor\" data-id=\"737d31d\" data-element_type=\"widget\" data-e-type=\"widget\" data-widget_type=\"text-editor.default\">\n\t\t\t\t<div class=\"elementor-widget-container\">\n\t\t\t\t\t\t\t\t\t<p>Notre association souhaite r\u00e9pondre \u00a0aux besoins des jeunes athl\u00e8tes en offrant la possibilit\u00e9 de pratiquer des entra\u00eenements adapt\u00e9s avec un accompagnement personnalis\u00e9, comp\u00e9tent et bienveillant.<\/p><p>Le multisport est important pour nous car les jeunes ont souvent des envies multiples. Cette approche de d\u00e9couvrir plusieurs sports en un an est la solution que nous proposons. C<span style=\"color: var( --e-global-color-text ); font-family: var( --e-global-typography-text-font-family ), Sans-serif; font-weight: var( --e-global-typography-text-font-weight ); text-align: var(--text-align); font-size: 1rem;\">ela pourra leur permettre de progresser dans leur sport principal : des capacit\u00e9s athl\u00e9tiques peuvent \u00eatre travaill\u00e9es de mani\u00e8re diff\u00e9rente avec une nouvelle approche.<\/span><\/p><p>Notre objectif est d\u2019accompagner les jeunes athl\u00e8tes avec des intervenants dans leur pratique sportive principale et de travailler en collaboration avec des associations. Nous souhaitons commencer notre activit\u00e9 par la cr\u00e9ation de deux sections distinctes : le triathlon et l\u2019athl\u00e9tisme.<\/p><p>Nous pr\u00e9voyons aussi d\u2019organiser des \u00e9v\u00e8nements sportifs en collaboration avec nos diff\u00e9rents partenaires : communes, clubs, f\u00e9d\u00e9rations. L\u2019association participe aussi \u00e0 la formation des futurs entra\u00eeneurs, arbitres et juges dans les diff\u00e9rentes disciplines.\u00a0<\/p><p>EGS organise des stages et s\u00e9jours sportifs pour les jeunes.\u00a0<\/p><p>Nous pouvons proposer la mise en place d\u2019ateliers sportifs au sein des structures \u00e9ducatives : \u00e9coles, coll\u00e8ges et lyc\u00e9es.<\/p>\t\t\t\t\t\t\t\t<\/div>\n\t\t\t\t<\/div>\n\t\t\t\t<div class=\"elementor-element elementor-element-204ef2c elementor-widget elementor-widget-heading\" data-id=\"204ef2c\" data-element_type=\"widget\" data-e-type=\"widget\" data-widget_type=\"heading.default\">\n\t\t\t\t<div class=\"elementor-widget-container\">\n\t\t\t\t\t<h2 class=\"elementor-heading-title elementor-size-default\">Notre \u00e9quipe d'encadrants<\/h2>\t\t\t\t<\/div>\n\t\t\t\t<\/div>\n\t\t\t\t<div class=\"elementor-element elementor-element-72ecbb2 elementor-widget elementor-widget-htsliderpro-addons\" data-id=\"72ecbb2\" data-element_type=\"widget\" data-e-type=\"widget\" data-widget_type=\"htsliderpro-addons.default\">\n\t\t\t\t<div class=\"elementor-widget-container\">\n\t\t\t\t\t\n        <div class=\"htslider-postslider-area htslider-area-pro htslider-postslider-style-1 htslider-carousel-activation htslider-arrow-1 dot_bottom_center\" data-settings=\"{&quot;arrows&quot;:true,&quot;dots&quot;:true,&quot;autoplay&quot;:true,&quot;autoplay_speed&quot;:4000,&quot;animation_speed&quot;:1000,&quot;pause_on_hover&quot;:true,&quot;center_mode&quot;:false,&quot;center_padding&quot;:0,&quot;progress_bar&quot;:false,&quot;progress_bar_position&quot;:null,&quot;display_columns&quot;:1,&quot;scroll_columns&quot;:1,&quot;tablet_width&quot;:1024,&quot;tablet_display_columns&quot;:1,&quot;tablet_scroll_columns&quot;:1,&quot;mobile_width&quot;:480,&quot;mobile_display_columns&quot;:1,&quot;mobile_scroll_columns&quot;:1}\" style=\"visibility:hidden;\">\n            \n                           <div class=\"htslider-data-title htslider-single-post-slide htslider-postslider-layout-1\" >\n                                    <\/div>\n                                <\/div>\n                                            <button type=\"button\" class=\"htslider-carosul-prev\" style=\"display:none\"><svg aria-hidden=\"true\" class=\"e-font-icon-svg e-fas-angle-left\" viewBox=\"0 0 256 512\" xmlns=\"http:\/\/www.w3.org\/2000\/svg\"><path d=\"M31.7 239l136-136c9.4-9.4 24.6-9.4 33.9 0l22.6 22.6c9.4 9.4 9.4 24.6 0 33.9L127.9 256l96.4 96.4c9.4 9.4 9.4 24.6 0 33.9L201.7 409c-9.4 9.4-24.6 9.4-33.9 0l-136-136c-9.5-9.4-9.5-24.6-.1-34z\"><\/path><\/svg><\/button>\n            \n                            <button type=\"button\" class=\"htslider-carosul-next\" style=\"display:none\"><svg aria-hidden=\"true\" class=\"e-font-icon-svg e-fas-angle-right\" viewBox=\"0 0 256 512\" xmlns=\"http:\/\/www.w3.org\/2000\/svg\"><path d=\"M224.3 273l-136 136c-9.4 9.4-24.6 9.4-33.9 0l-22.6-22.6c-9.4-9.4-9.4-24.6 0-33.9l96.4-96.4-96.4-96.4c-9.4-9.4-9.4-24.6 0-33.9L54.3 103c9.4-9.4 24.6-9.4 33.9 0l136 136c9.5 9.4 9.5 24.6.1 34z\"><\/path><\/svg><\/button>\n            \t\t        \t\t\t\t<\/div>\n\t\t\t\t<\/div>\n\t\t\t\t<div class=\"elementor-element elementor-element-3a254b7 elementor-widget elementor-widget-heading\" data-id=\"3a254b7\" data-element_type=\"widget\" data-e-type=\"widget\" data-widget_type=\"heading.default\">\n\t\t\t\t<div class=\"elementor-widget-container\">\n\t\t\t\t\t<h2 class=\"elementor-heading-title elementor-size-default\">Staff M\u00e9dico-technique<\/h2>\t\t\t\t<\/div>\n\t\t\t\t<\/div>\n\t\t\t\t<div class=\"elementor-element elementor-element-aea7055 elementor-widget elementor-widget-text-editor\" data-id=\"aea7055\" data-element_type=\"widget\" data-e-type=\"widget\" data-widget_type=\"text-editor.default\">\n\t\t\t\t<div class=\"elementor-widget-container\">\n\t\t\t\t\t\t\t\t\t<ul><li>1 di\u00e9t\u00e9ticien nutritionniste sp\u00e9cialis\u00e9 dans la nutrition du sportif.<\/li><li>1 ost\u00e9opathe sp\u00e9cialis\u00e9 en m\u00e9decine chinoise.<\/li><li><span style=\"background-color: transparent; color: var( --e-global-color-text ); font-family: var( --e-global-typography-text-font-family ), Sans-serif; font-weight: var( --e-global-typography-text-font-weight ); text-align: var(--text-align);\">1 Cabinet de m\u00e9decine du sport<\/span><\/li><li>1 kine du sport et osthesopathe<\/li><\/ul>\t\t\t\t\t\t\t\t<\/div>\n\t\t\t\t<\/div>\n\t\t\t\t<div class=\"elementor-element elementor-element-85d39ce elementor-widget-divider--view-line elementor-widget elementor-widget-divider\" data-id=\"85d39ce\" data-element_type=\"widget\" data-e-type=\"widget\" data-widget_type=\"divider.default\">\n\t\t\t\t<div class=\"elementor-widget-container\">\n\t\t\t\t\t\t\t<div class=\"elementor-divider\">\n\t\t\t<span class=\"elementor-divider-separator\">\n\t\t\t\t\t\t<\/span>\n\t\t<\/div>\n\t\t\t\t\t\t<\/div>\n\t\t\t\t<\/div>\n\t\t\t\t<div class=\"elementor-element elementor-element-e8439e0 elementor-widget elementor-widget-heading\" data-id=\"e8439e0\" data-element_type=\"widget\" data-e-type=\"widget\" data-widget_type=\"heading.default\">\n\t\t\t\t<div class=\"elementor-widget-container\">\n\t\t\t\t\t<h2 class=\"elementor-heading-title elementor-size-default\">T\u00e9l\u00e9charger les attestations<\/h2>\t\t\t\t<\/div>\n\t\t\t\t<\/div>\n\t\t<div class=\"elementor-element elementor-element-47c87ab e-con-full e-flex wpr-particle-no wpr-jarallax-no wpr-parallax-no wpr-sticky-section-no wpr-equal-height-no e-con e-child\" data-id=\"47c87ab\" data-element_type=\"container\" data-e-type=\"container\">\n\t\t\t\t<div class=\"elementor-element elementor-element-6cfc8ec elementor-widget elementor-widget-text-editor\" data-id=\"6cfc8ec\" data-element_type=\"widget\" data-e-type=\"widget\" data-widget_type=\"text-editor.default\">\n\t\t\t\t<div class=\"elementor-widget-container\">\n\t\t\t\t\t\t\t\t\t<p><a href=\"https:\/\/espritgenerationsport.fr\/wp-content\/uploads\/2025\/11\/Carte_Professionnelle.pdf\" style=\"background-color: rgb(255, 255, 255); font-size: 1rem;\">Carte_Professionnelle<\/a><\/p>\n<p><a href=\"https:\/\/espritgenerationsport.fr\/wp-content\/uploads\/2025\/11\/Carte-Professionnelle-eeducateur-Portail-de-recherche-deeducateur-sportif.pdf\">Carte Professionnelle ee\u030cducateur &#8211; Portail de recherche d&#8217;ee\u030cducateur sportif<\/a><\/p>\n<p><a href=\"https:\/\/espritgenerationsport.fr\/wp-content\/uploads\/2025\/11\/Attestation-de-stagiaire-en-formation-Mars-2025.pdf\">Attestation de stagiaire en formation Mars 2025<\/a><\/p>\n<p><a href=\"https:\/\/espritgenerationsport.fr\/wp-content\/uploads\/2025\/11\/ATTESTATION-EPMSP-APT-IJ-ABADIE-Valentin.pdf\">ATTESTATION EPMSP APT IJ-ABADIE Valentin<\/a><\/p><p><a href=\"https:\/\/espritgenerationsport.fr\/wp-content\/uploads\/2025\/12\/SignalSports_A3_v16_MSJVA.pdf\" style=\"color: rgb(51, 51, 102);\">SignalSports_A3_v16_MSJVA<\/a><\/p><p><a href=\"https:\/\/espritgenerationsport.fr\/wp-content\/uploads\/2025\/12\/pre-vention-violences-sport-plaquette-pdf-970.pdf\">pre-vention-violences-sport-plaquette-pdf-970<\/a><\/p><div><br><\/div>\n<p><\/p>\t\t\t\t\t\t\t\t<\/div>\n\t\t\t\t<\/div>\n\t\t\t\t<\/div>\n\t\t\t\t\t<\/div>\n\t\t\t\t<\/div>\n\t\t\t\t<\/div>\n\t\t","protected":false},"excerpt":{"rendered":"<p>Objectifs de l&#8217;association Notre association souhaite r\u00e9pondre \u00a0aux besoins des jeunes athl\u00e8tes en offrant la possibilit\u00e9 de pratiquer des entra\u00eenements adapt\u00e9s avec un accompagnement personnalis\u00e9, comp\u00e9tent et bienveillant. Le multisport est important pour nous car les jeunes ont souvent des envies multiples. Cette approche de d\u00e9couvrir plusieurs sports en un an est la solution que nous proposons. Cela pourra leur permettre de progresser dans leur sport principal : des capacit\u00e9s athl\u00e9tiques peuvent \u00eatre travaill\u00e9es de mani\u00e8re diff\u00e9rente avec une nouvelle approche. Notre objectif est d\u2019accompagner les jeunes athl\u00e8tes avec des intervenants dans leur pratique sportive principale et de travailler en collaboration avec des associations. Nous souhaitons commencer notre activit\u00e9 par la cr\u00e9ation de deux sections distinctes : le triathlon et l\u2019athl\u00e9tisme. Nous pr\u00e9voyons aussi d\u2019organiser des \u00e9v\u00e8nements sportifs en collaboration avec nos diff\u00e9rents partenaires : communes, clubs, f\u00e9d\u00e9rations. L\u2019association participe aussi \u00e0 la formation des futurs entra\u00eeneurs, arbitres et juges dans les diff\u00e9rentes disciplines.\u00a0 EGS organise des stages et s\u00e9jours sportifs pour les jeunes.\u00a0 Nous pouvons proposer la mise en place d\u2019ateliers sportifs au sein des structures \u00e9ducatives : \u00e9coles, coll\u00e8ges et lyc\u00e9es. Notre \u00e9quipe d&#8217;encadrants Staff M\u00e9dico-technique 1 di\u00e9t\u00e9ticien nutritionniste sp\u00e9cialis\u00e9 dans la nutrition du sportif. 1 ost\u00e9opathe sp\u00e9cialis\u00e9 en m\u00e9decine chinoise. 1 Cabinet de m\u00e9decine du sport 1 kine du sport et osthesopathe T\u00e9l\u00e9charger les attestations Carte_Professionnelle Carte Professionnelle ee\u030cducateur &#8211; Portail de recherche d&#8217;ee\u030cducateur sportif Attestation de stagiaire en formation Mars 2025 ATTESTATION EPMSP APT IJ-ABADIE Valentin SignalSports_A3_v16_MSJVA pre-vention-violences-sport-plaquette-pdf-970<\/p>\n","protected":false},"author":1,"featured_media":0,"parent":0,"menu_order":0,"comment_status":"closed","ping_status":"closed","template":"","meta":{"footnotes":""},"class_list":["post-124","page","type-page","status-publish","hentry"],"yoast_head":"<!-- This site is optimized with the Yoast SEO plugin v27.5 - https:\/\/yoast.com\/product\/yoast-seo-wordpress\/ -->\n<title>Pr\u00e9sentation - Esprit G\u00e9n\u00e9ration Sport<\/title>\n<meta name=\"description\" content=\"Esprit G\u00e9n\u00e9ration Sport une association encadr\u00e9 par des entraineurs diplom\u00e9 et avec un accompagnement d&#039;un staff M\u00e9dico-technique.\" \/>\n<meta name=\"robots\" content=\"index, follow, max-snippet:-1, max-image-preview:large, max-video-preview:-1\" \/>\n<link rel=\"canonical\" href=\"https:\/\/espritgenerationsport.fr\/index.php\/presentation\/\" \/>\n<meta property=\"og:locale\" content=\"en_US\" \/>\n<meta property=\"og:type\" content=\"article\" \/>\n<meta property=\"og:title\" content=\"Pr\u00e9sentation - Esprit G\u00e9n\u00e9ration Sport\" \/>\n<meta property=\"og:description\" content=\"Esprit G\u00e9n\u00e9ration Sport une association encadr\u00e9 par des entraineurs diplom\u00e9 et avec un accompagnement d&#039;un staff M\u00e9dico-technique.\" \/>\n<meta property=\"og:url\" content=\"https:\/\/espritgenerationsport.fr\/index.php\/presentation\/\" \/>\n<meta property=\"og:site_name\" content=\"Esprit G\u00e9n\u00e9ration Sport\" \/>\n<meta property=\"article:modified_time\" content=\"2026-01-13T08:09:59+00:00\" \/>\n<meta name=\"twitter:card\" content=\"summary_large_image\" \/>\n<meta name=\"twitter:label1\" content=\"Est. reading time\" \/>\n\t<meta name=\"twitter:data1\" content=\"3 minutes\" \/>\n<script type=\"application\/ld+json\" class=\"yoast-schema-graph\">{\"@context\":\"https:\\\/\\\/schema.org\",\"@graph\":[{\"@type\":\"WebPage\",\"@id\":\"https:\\\/\\\/espritgenerationsport.fr\\\/index.php\\\/presentation\\\/\",\"url\":\"https:\\\/\\\/espritgenerationsport.fr\\\/index.php\\\/presentation\\\/\",\"name\":\"Pr\u00e9sentation - Esprit G\u00e9n\u00e9ration Sport\",\"isPartOf\":{\"@id\":\"https:\\\/\\\/espritgenerationsport.fr\\\/#website\"},\"datePublished\":\"2024-06-29T16:34:29+00:00\",\"dateModified\":\"2026-01-13T08:09:59+00:00\",\"description\":\"Esprit G\u00e9n\u00e9ration Sport une association encadr\u00e9 par des entraineurs diplom\u00e9 et avec un accompagnement d'un staff M\u00e9dico-technique.\",\"breadcrumb\":{\"@id\":\"https:\\\/\\\/espritgenerationsport.fr\\\/index.php\\\/presentation\\\/#breadcrumb\"},\"inLanguage\":\"en-US\",\"potentialAction\":[{\"@type\":\"ReadAction\",\"target\":[\"https:\\\/\\\/espritgenerationsport.fr\\\/index.php\\\/presentation\\\/\"]}]},{\"@type\":\"BreadcrumbList\",\"@id\":\"https:\\\/\\\/espritgenerationsport.fr\\\/index.php\\\/presentation\\\/#breadcrumb\",\"itemListElement\":[{\"@type\":\"ListItem\",\"position\":1,\"name\":\"Accueil\",\"item\":\"https:\\\/\\\/espritgenerationsport.fr\\\/\"},{\"@type\":\"ListItem\",\"position\":2,\"name\":\"Pr\u00e9sentation\"}]},{\"@type\":\"WebSite\",\"@id\":\"https:\\\/\\\/espritgenerationsport.fr\\\/#website\",\"url\":\"https:\\\/\\\/espritgenerationsport.fr\\\/\",\"name\":\"Esprit G\u00e9n\u00e9ration Sport\",\"description\":\"Esprit G\u00e9n\u00e9ration Sport\",\"publisher\":{\"@id\":\"https:\\\/\\\/espritgenerationsport.fr\\\/#organization\"},\"potentialAction\":[{\"@type\":\"SearchAction\",\"target\":{\"@type\":\"EntryPoint\",\"urlTemplate\":\"https:\\\/\\\/espritgenerationsport.fr\\\/?s={search_term_string}\"},\"query-input\":{\"@type\":\"PropertyValueSpecification\",\"valueRequired\":true,\"valueName\":\"search_term_string\"}}],\"inLanguage\":\"en-US\"},{\"@type\":\"Organization\",\"@id\":\"https:\\\/\\\/espritgenerationsport.fr\\\/#organization\",\"name\":\"Esprit G\u00e9n\u00e9ration Sport\",\"url\":\"https:\\\/\\\/espritgenerationsport.fr\\\/\",\"logo\":{\"@type\":\"ImageObject\",\"inLanguage\":\"en-US\",\"@id\":\"https:\\\/\\\/espritgenerationsport.fr\\\/#\\\/schema\\\/logo\\\/image\\\/\",\"url\":\"https:\\\/\\\/espritgenerationsport.fr\\\/wp-content\\\/uploads\\\/2024\\\/06\\\/output-01.png\",\"contentUrl\":\"https:\\\/\\\/espritgenerationsport.fr\\\/wp-content\\\/uploads\\\/2024\\\/06\\\/output-01.png\",\"width\":915,\"height\":912,\"caption\":\"Esprit G\u00e9n\u00e9ration Sport\"},\"image\":{\"@id\":\"https:\\\/\\\/espritgenerationsport.fr\\\/#\\\/schema\\\/logo\\\/image\\\/\"}}]}<\/script>\n<!-- \/ Yoast SEO plugin. -->","yoast_head_json":{"title":"Pr\u00e9sentation - Esprit G\u00e9n\u00e9ration Sport","description":"Esprit G\u00e9n\u00e9ration Sport une association encadr\u00e9 par des entraineurs diplom\u00e9 et avec un accompagnement d'un staff M\u00e9dico-technique.","robots":{"index":"index","follow":"follow","max-snippet":"max-snippet:-1","max-image-preview":"max-image-preview:large","max-video-preview":"max-video-preview:-1"},"canonical":"https:\/\/espritgenerationsport.fr\/index.php\/presentation\/","og_locale":"en_US","og_type":"article","og_title":"Pr\u00e9sentation - Esprit G\u00e9n\u00e9ration Sport","og_description":"Esprit G\u00e9n\u00e9ration Sport une association encadr\u00e9 par des entraineurs diplom\u00e9 et avec un accompagnement d'un staff M\u00e9dico-technique.","og_url":"https:\/\/espritgenerationsport.fr\/index.php\/presentation\/","og_site_name":"Esprit G\u00e9n\u00e9ration Sport","article_modified_time":"2026-01-13T08:09:59+00:00","twitter_card":"summary_large_image","twitter_misc":{"Est. reading time":"3 minutes"},"schema":{"@context":"https:\/\/schema.org","@graph":[{"@type":"WebPage","@id":"https:\/\/espritgenerationsport.fr\/index.php\/presentation\/","url":"https:\/\/espritgenerationsport.fr\/index.php\/presentation\/","name":"Pr\u00e9sentation - Esprit G\u00e9n\u00e9ration Sport","isPartOf":{"@id":"https:\/\/espritgenerationsport.fr\/#website"},"datePublished":"2024-06-29T16:34:29+00:00","dateModified":"2026-01-13T08:09:59+00:00","description":"Esprit G\u00e9n\u00e9ration Sport une association encadr\u00e9 par des entraineurs diplom\u00e9 et avec un accompagnement d'un staff M\u00e9dico-technique.","breadcrumb":{"@id":"https:\/\/espritgenerationsport.fr\/index.php\/presentation\/#breadcrumb"},"inLanguage":"en-US","potentialAction":[{"@type":"ReadAction","target":["https:\/\/espritgenerationsport.fr\/index.php\/presentation\/"]}]},{"@type":"BreadcrumbList","@id":"https:\/\/espritgenerationsport.fr\/index.php\/presentation\/#breadcrumb","itemListElement":[{"@type":"ListItem","position":1,"name":"Accueil","item":"https:\/\/espritgenerationsport.fr\/"},{"@type":"ListItem","position":2,"name":"Pr\u00e9sentation"}]},{"@type":"WebSite","@id":"https:\/\/espritgenerationsport.fr\/#website","url":"https:\/\/espritgenerationsport.fr\/","name":"Esprit G\u00e9n\u00e9ration Sport","description":"Esprit G\u00e9n\u00e9ration Sport","publisher":{"@id":"https:\/\/espritgenerationsport.fr\/#organization"},"potentialAction":[{"@type":"SearchAction","target":{"@type":"EntryPoint","urlTemplate":"https:\/\/espritgenerationsport.fr\/?s={search_term_string}"},"query-input":{"@type":"PropertyValueSpecification","valueRequired":true,"valueName":"search_term_string"}}],"inLanguage":"en-US"},{"@type":"Organization","@id":"https:\/\/espritgenerationsport.fr\/#organization","name":"Esprit G\u00e9n\u00e9ration Sport","url":"https:\/\/espritgenerationsport.fr\/","logo":{"@type":"ImageObject","inLanguage":"en-US","@id":"https:\/\/espritgenerationsport.fr\/#\/schema\/logo\/image\/","url":"https:\/\/espritgenerationsport.fr\/wp-content\/uploads\/2024\/06\/output-01.png","contentUrl":"https:\/\/espritgenerationsport.fr\/wp-content\/uploads\/2024\/06\/output-01.png","width":915,"height":912,"caption":"Esprit G\u00e9n\u00e9ration Sport"},"image":{"@id":"https:\/\/espritgenerationsport.fr\/#\/schema\/logo\/image\/"}}]}},"jetpack_sharing_enabled":true,"_links":{"self":[{"href":"https:\/\/espritgenerationsport.fr\/index.php\/wp-json\/wp\/v2\/pages\/124","targetHints":{"allow":["GET"]}}],"collection":[{"href":"https:\/\/espritgenerationsport.fr\/index.php\/wp-json\/wp\/v2\/pages"}],"about":[{"href":"https:\/\/espritgenerationsport.fr\/index.php\/wp-json\/wp\/v2\/types\/page"}],"author":[{"embeddable":true,"href":"https:\/\/espritgenerationsport.fr\/index.php\/wp-json\/wp\/v2\/users\/1"}],"replies":[{"embeddable":true,"href":"https:\/\/espritgenerationsport.fr\/index.php\/wp-json\/wp\/v2\/comments?post=124"}],"version-history":[{"count":130,"href":"https:\/\/espritgenerationsport.fr\/index.php\/wp-json\/wp\/v2\/pages\/124\/revisions"}],"predecessor-version":[{"id":1372,"href":"https:\/\/espritgenerationsport.fr\/index.php\/wp-json\/wp\/v2\/pages\/124\/revisions\/1372"}],"wp:attachment":[{"href":"https:\/\/espritgenerationsport.fr\/index.php\/wp-json\/wp\/v2\/media?parent=124"}],"curies":[{"name":"wp","href":"https:\/\/api.w.org\/{rel}","templated":true}]}}